845*x - 223637. What is n(15)?
-962
Let o(n) = n**2 + 204*n + 10362. Determine o(-96).
-6
Let u(i) = 74120*i + 1185915. What is u(-16)?
-5
Let c(j) = -j**3 - 10*j**2 + 41*j - 9. What is c(-12)?
-213
Let s(b) = -119*b - 12773. Determine s(-106).
-159
Let f(k) = -547*k - 10276. Give f(-19).
117
Let i(p) = 50762*p + 1878175. Determine i(-37).
-19
Let k(z) = 43832*z - 394502. Determine k(9).
-14
Let m(a) = a**3 - 218*a**2 - 668*a + 997. What is m(221)?
-108
Let z(f) = -6*f - 495. Give z(17).
-597
Let g(a) = 1492*a - 6009. Determine g(4).
-41
Let x(b) = -2230*b - 131524. What is x(-59)?
46
Let b(z) = -z**2 - 15584*z - 249122. Calculate b(-16).
-34
Let a(k) = 438*k - 158284. Calculate a(361).
-166
Let f(v) = 45*v**2 + 5712*v - 78. Calculate f(-127).
303
Let g(y) = y**3 + 419*y**2 + 2511*y + 3357. Give g(-2).
3
Let l(v) = -1973*v - 147984. Give l(-75).
-9
Let x(z) = 840*z - 961780. What is x(1145)?
20
Let x(k) = -12*k + 1686. Calculate x(103).
450
Let d(w) = -4797*w**2 + 4830*w + 6. What is d(1)?
39
Let g(f) = -166*f**3 - 21*f**2 + 71*f - 74. Determine g(2).
-1344
Let b(d) = d**3 + 26*d**2 - 223*d + 435. Determine b(-33).
171
Let i(n) = 1142*n + 5875. Calculate i(-6).
-977
Let m(f) = -f**3 + 97*f**2 + 3554*f - 344857. Give m(97).
-119
Let n(r) = 133*r**2 + 1653*r + 5120. Calculate n(-6).
-10
Let a(l) = -l**3 + 185*l**2 - 4020*l + 3196. What is a(160)?
-4
Let s(n) = -2*n**2 - 11*n + 4634. Give s(-51).
-7
Let r(c) = 8023*c + 146. Determine r(0).
146
Let b(d) = -33507*d + 7405045. What is b(221)?
-2
Let u(d) = d**2 - 139*d - 7871. Give u(-44).
181
Let q(i) = -4*i**3 + 21*i**2 + 67*i - 423. Determine q(5).
-63
Let w(g) = 1760*g - 274542. Give w(156).
18
Let r(f) = 431*f - 38057. Determine r(94).
2457
Let y(w) = -7*w**3 + 1021*w**2 + 161*w - 2305. What is y(146)?
-115
Let o(v) = v**3 + 31*v**2 + 155*v + 118. Determine o(-25).
-7
Let t(o) = -2*o**3 - 43*o**2 + 363*o - 32. Determine t(7).
-284
Let v(z) = 3*z**3 - 281*z**2 + 468*z - 1087. Give v(92).
-351
Let n(v) = -v**3 + 58*v**2 + 649*v - 24883. Calculate n(62).
-21
Let v(h) = -10755*h + 1849881. Give v(172).
21
Let z(p) = -2*p**3 - 60*p**2 + 37*p - 516. Give z(-31).
259
Let y(v) = v**3 + 358*v**2 + 1153*v - 457710. Calculate y(-351).
-6
Let l(u) = 66*u - 510. Calculate l(10).
150
Let g(t) = t**2 - 433*t - 294845. Determine g(-368).
-77
Let x(v) = v**2 - 1456*v - 4372. What is x(-3)?
5
Let b(j) = -4*j**2 + 236*j - 5860. Determine b(30).
-2380
Let c(d) = 5979*d - 317280. What is c(53)?
-393
Let v(u) = 275*u**2 + 2218*u + 90. What is v(-8)?
-54
Let d(j) = 12399*j + 2690592. Determine d(-217).
9
Let o(c) = 58*c**2 - 171*c + 4. Determine o(-2).
578
Let k(g) = -g**2 - 153*g - 5219. Calculate k(-89).
477
Let m(l) = 763*l - 5239. Determine m(7).
102
Let j(u) = 397*u + 6581. Give j(-17).
-168
Let j(v) = -970*v**2 - 17461*v + 4. Determine j(-18).
22
Let j(a) = 8*a**3 + 144*a**2 + 24*a - 6. Calculate j(-18).
-438
Let y(x) = 3247*x + 52031. Calculate y(-16).
79
Let y(k) = -8*k**2 + 353*k - 2314. Give y(36).
26
Let o(k) = -34*k**2 - 9007*k + 9815. Give o(-266).
-27
Let n(w) = 6410*w + 58241. What is n(-9)?
551
Let b(s) = 2*s**2 - 1165*s - 12303. Determine b(593).
150
Let f(y) = -y**3 - 199*y**2 - 71*y - 14772. Give f(-199).
-643
Let y(v) = 8*v**3 + 449*v**2 + 72*v + 88. Calculate y(-56).
-808
Let r(n) = -22515*n - 157577. Determine r(-7).
28
Let p(n) = 3*n**2 + 34*n - 1992. Determine p(29).
1517
Let y(t) = 1314*t + 109036. Calculate y(-83).
-26
Let a(r) = -2*r**3 + 44*r**2 + 241*r - 896. Determine a(26).
-38
Let j(d) = -924*d**3 - 2*d**2 + d. Calculate j(1).
-925
Let r(d) = -6*d**3 + 31*d**2 + 3055*d + 712. Give r(-20).
12
Let t(p) = -p**3 + 82*p**2 + 627*p - 347. What is t(89)?
9
Let m(o) = -39*o**2 - 682*o - 314. Determine m(-17).
9
Let b(o) = -8562*o - 702082. Give b(-82).
2
Let p(g) = -2464036*g + 24640357. Give p(10).
-3
Let d(c) = 3*c**3 - 493*c**2 + 679*c - 4404. Give d(163).
-3
Let s(f) = 26283*f - 52660. Determine s(2).
-94
Let q(i) = 137*i - 1788. Give q(13).
-7
Let p(a) = -2*a**2 - 602*a + 1932759. Give p(-1145).
-1
Let m(l) = 1626*l - 48772. Give m(30).
8
Let p(g) = 215950*g. What is p(0)?
0
Let q(h) = -h**3 - 719*h**2 - 2181*h - 1050424. Give q(-718).
10
Let o(c) = -698*c - 21529. Give o(-31).
109
Let q(l) = 12*l + 617. Calculate q(119).
2045
Let k(q) = -2*q**2 + 689*q - 10531. Calculate k(16).
-19
Let r(b) = 32958*b - 856898. Give r(26).
10
Let b(d) = -30*d**2 - 618*d - 2457. Determine b(-4).
-465
Let s(k) = -k**3 + 67*k**2 - 667*k + 392. What is s(55)?
7
Let u(m) = m**3 + 10*m**2 - 63*m - 643. What is u(-9)?
5
Let q(a) = 3*a**2 - 310*a + 363. Determine q(105).
888
Let h(p) = -4*p**2 - 177*p - 1889. Give h(-25).
36
Let d(w) = w**2 - 7889*w + 188763. Calculate d(24).
3
Let c(x) = 14665*x - 2082429. Determine c(142).
1
Let v(j) = 12*j**2 - 219*j - 12879. Give v(43).
-108
Let l(o) = -4*o**2 + 753*o - 11304. Determine l(16).
-280
Let a(c) = 2*c**3 + 207*c**2 - 7369*c + 137. Determine a(28).
-3
Let b(a) = -3*a**2 - 638*a + 1213. Calculate b(-214).
357
Let b(i) = -2557*i + 14375. Give b(6).
-967
Let i(j) = 4*j**2 - 645*j - 15451. Determine i(183).
470
Let p(w) = -8*w**2 + 200*w - 235. What is p(18)?
773
Let s(r) = 187*r + 19881. Give s(-102).
807
Let t(d) = 71*d**2 + 23352*d - 2320. Give t(-329).
-17
Let y(t) = -4203*t + 991906. What is y(236)?
-2
Let l(p) = -4*p**3 - 20*p**2 + 16826*p + 84153. Give l(-5).
23
Let y(n) = -2*n**3 + 11*n**2 - 36*n + 28. Calculate y(7).
-371
Let v(y) = 118*y - 5336. Give v(16).
-3448
Let x(k) = 3*k**3 + 131*k**2 - 960*k - 517. Give x(-50).
-17
Let k(s) = 33*s**3 + 128*s**2 - s + 39. What is k(-5)?
-881
Let m(o) = o**3 - 348*o**2 - 3121*o - 32849. What is m(357)?
-5
Let t(w) = -5*w**2 + 3571*w + 1947918. Calculate t(-362).
-4
Let a(d) = 1611*d + 24934. Calculate a(-15).
769
Let u(j) = 9292*j + 9352. Calculate u(-1).
60
Let k(q) = 5*q**2 - 228*q - 731. Give k(48).
-155
Let h(u) = 34*u**3 - 27201*u**2 + 811*u - 8795. Determine h(800).
5
Let c(x) = -2*x**3 + 222*x**2 - 184*x - 2936. What is c(110)?
1024
Let z(t) = t**3 + 57*t**2 - 58*t - 6268. Calculate z(-57).
-2962
Let n(s) = -8*s**3 - 171*s**2 - 55*s - 138. Determine n(-21).
-306
Let m(p) = -p**3 - 9*p**2 + p + 53. What is m(-8)?
-19
Let b(r) = 157*r + 1950. Calculate b(-8).
694
Let w(t) = 18*t**2 - 3638*t - 14515. Calculate w(-4).
325
Let g(a) = 1780*a - 8492. Calculate g(5).
408
Let z(b) = -238*b**2 - 3813*b - 52. Calculate z(-16).
28
Let o(d) = -244*d - 22054. Determine o(-90).
-94
Let q(f) = -1753*f - 68379. Give q(-39).
-12
Let o(c) = -5*c**3 + 110*c**2 - 20*c + 465. Give o(22).
25
Let u(f) = f**3 + 20*f**2 - 261*f - 62. Calculate u(10).
328
Let m(s) = -214*s + 28873. Give m(147).
-2585
Let g(u) = -123368*u + 863589. Give g(7).
13
Let n(q) = 20*q**3 + 546*q**2 - 1110*q + 5. Give n(2).
129
Let n(v) = -4*v**2 + 73*v + 13097. What is n(67)?
32
Let q(z) = -29400*z + 12289204. What is q(418)?
4
Let p(h) = h**2 + 4105*h - 116057. What is p(28)?
-333
Let s(t) = -2718*t + 51655. Give s(19).
13
Let d(b) = 4015*b + 843155. Determine d(-210).
5
Let w(p) = -p**3 - 35*p**2 + 560*p + 2. Determine w(12).
-46
Let w(q) = -1063*q + 8428. Calculate w(8).
-76
Let q(p) = -3*p**2 - 1270*p - 71082. Determine q(-357).
-39
Let g(h) = -45370*h + 1134256. Give g(25).
6
Let s(h) = 221*h**2 - 5331*h + 599. Calculate s(24).
-49
Let s(c) = 8*c**2 + 5*c - 3764. Determine s(-22).
-2
Let u(l) = 904155*l - 28028803. Determine u(31).
2
Let d(t) = -2*t**2 + 18*t + 505. Calculate d(19).
125
Let v(a) = 176*a**3 - 356*a**2 + 27*a - 52. Give v(2).
-14
Let g(r) = -25*r**2 + 524*r + 151. Give g(23).
-1022
Let c(y) = 5174*y - 10284. Give c(2).
64
Let k(d) = 10701*d + 107320. Calculate k(-10).
310
Let u(x) = -7704*x + 231142. Give u(30).
22
Let g(m) = -5026*m - 356857. What is g(-71)?
-11
Let t(z) = -183*z**3 - 11*z**2 - 29*z - 5. Determine t(-2).
1473
Let q(b) = -324*b - 6537. Calculate q(-19).
-381
Let m(n) = -n**2 + 7964*n + 63771. Determine m(-8).
-5
Let k(d) = 2474*d - 28443. Calculate k(11).
-1229
Let x(w) = 23*w**2 + 193*w + 802. What is x(-4)?
398
Let q(w) = -49*w + 4380. Calculate q(87).
117
Let o(z) = -z**3 + 16*z**2 + 73*z - 970. What is o(7)?
-18
Let u(d) = 3*d**3 - 32*d**2 + 22*d + 29. Calculate u(10).
49
Let y(t) = -2*t**2 + 660*t + 113749. What is y(